{"id":2132,"date":"2014-03-04T21:46:35","date_gmt":"2014-03-04T20:46:35","guid":{"rendered":"http:\/\/experience-paleo.fr\/blog\/?page_id=2132"},"modified":"2015-06-24T22:06:01","modified_gmt":"2015-06-24T20:06:01","slug":"huile-coco-moins-cher","status":"publish","type":"page","link":"https:\/\/experience-paleo.fr\/blog\/huile-coco-moins-cher\/","title":{"rendered":"Un bon plan pour acheter de l&rsquo;huile de coco 30% moins cher"},"content":{"rendered":"<p>L&rsquo;huile de coco est un aliment <strong>incontournable<\/strong> quand on vit en mode pal\u00e9o.<\/p>\n<p>Elle se trouve facilement dans les magasins bio (en France : Biocoop ou Satoriz, par exemple), par contre elle y est souvent tr\u00e8s ch\u00e8re : j&rsquo;y ai d\u00e9j\u00e0 vu de l&rsquo;huile de coco \u00e0 <span style=\"text-decoration: underline;\">plus de 35 euros le litre<\/span> !<\/p>\n<p>Je vous propose aujourd&rsquo;hui un bon plan, via L&rsquo;\u00c9picerie Pal\u00e9o\u00a0: <strong>de l&rsquo;huile de coco bio livr\u00e9e directement chez vous<\/strong> :<\/p>\n<p><a href=\"http:\/\/www.epicerie-paleo.fr\/produit\/huile-de-coco-bio\/?ap_id=experiencepaleo\"><img loading=\"lazy\" decoding=\"async\" class=\"size-full wp-image-2864 aligncenter\" alt=\"Acheter de l'huile de coco moins cher\" src=\"http:\/\/experience-paleo.fr\/blog\/wp-content\/uploads\/2014\/03\/OCO-900.jpg\" width=\"442\" height=\"442\" srcset=\"https:\/\/experience-paleo.fr\/blog\/wp-content\/uploads\/2014\/03\/OCO-900.jpg 442w, https:\/\/experience-paleo.fr\/blog\/wp-content\/uploads\/2014\/03\/OCO-900-150x150.jpg 150w, https:\/\/experience-paleo.fr\/blog\/wp-content\/uploads\/2014\/03\/OCO-900-300x300.jpg 300w, https:\/\/experience-paleo.fr\/blog\/wp-content\/uploads\/2014\/03\/OCO-900-110x110.jpg 110w\" sizes=\"auto, (max-width: 442px) 100vw, 442px\" \/><\/a><\/p>\n<p>J&rsquo;utilise cette huile depuis plusieurs mois, et j&rsquo;en suis tr\u00e8s satisfait: je vous recommande donc vivement cette huile issue de l&rsquo;agriculture biologique.<\/p>\n<p>Malgr\u00e9 les frais de port, c&rsquo;est <strong>bien plus avantageux qu&rsquo;en magasin<\/strong> : 900g vous revient \u00e0 20 euros, c&rsquo;est plus de <strong>30% moins cher qu&rsquo;en magasin<\/strong> :<\/p>\n<h2 style=\"text-align: center;\">Cliquez ici pour profiter de cette offre<\/h2>\n<h2 style=\"text-align: center;\">(\u00e9dit : plus de stock en ce moment)<\/h2>\n<p>900 gr me semble \u00eatre<strong> la bonne quantit\u00e9<\/strong> : comme cette huile se garde longtemps (jusque fin mai 2016, dans mon cas, et je l&rsquo;ai presque fini), <strong>vous aurez donc le temps de la consommer<\/strong>.<\/p>\n<p>Enfin, cette huile n&rsquo;a <strong>pas un go\u00fbt trop prononc\u00e9 de coco<\/strong> : elle passe donc tr\u00e8s bien en cuisine.<\/p>\n<p>Sylvain.<\/p>\n<p>&nbsp;<\/p>\n<p>Ps : les liens propos\u00e9 dans cet email sont des liens affili\u00e9s. Cela veut dire que je toucherai quelques centimes si vous achetez de l&rsquo;huile de coco via ces liens (mais \u00e7a ne vous co\u00fbtera pas plus cher). Merci !<\/p>\n","protected":false},"excerpt":{"rendered":"<p>L&rsquo;huile de coco est un aliment incontournable quand on vit en mode pal\u00e9o. Elle se trouve facilement dans les magasins bio (en France : Biocoop ou Satoriz, par exemple), par contre elle y est souvent tr\u00e8s ch\u00e8re : j&rsquo;y ai d\u00e9j\u00e0 vu de l&rsquo;huile de coco \u00e0 plus de 35 euros le litre ! Je [&hellip;]<\/p>\n","protected":false},"author":1,"featured_media":0,"parent":0,"menu_order":0,"comment_status":"open","ping_status":"open","template":"","meta":{"wprm-recipe-roundup-name":"","wprm-recipe-roundup-description":"","_genesis_hide_title":false,"_genesis_hide_breadcrumbs":false,"_genesis_hide_singular_image":false,"_genesis_hide_footer_widgets":false,"_genesis_custom_body_class":"","_genesis_custom_post_class":"","_genesis_layout":"","footnotes":""},"class_list":{"0":"post-2132","1":"page","2":"type-page","3":"status-publish","5":"entry","6":"has-post-thumbnail"},"yoast_head":"<!-- This site is optimized with the Yoast SEO plugin v19.5.1 - https:\/\/yoast.com\/wordpress\/plugins\/seo\/ -->\n<title>Un bon plan pour acheter de l&#039;huile de coco 30% moins cher - Exp\u00e9rience Pal\u00e9o - Adoptez le r\u00e9gime pal\u00e9olithique<\/title>\n<meta name=\"robots\" content=\"index, follow, max-snippet:-1, max-image-preview:large, max-video-preview:-1\" \/>\n<link rel=\"canonical\" href=\"https:\/\/experience-paleo.fr\/blog\/huile-coco-moins-cher\/\" \/>\n<meta property=\"og:locale\" content=\"fr_FR\" \/>\n<meta property=\"og:type\" content=\"article\" \/>\n<meta property=\"og:title\" content=\"Un bon plan pour acheter de l&#039;huile de coco 30% moins cher - Exp\u00e9rience Pal\u00e9o - Adoptez le r\u00e9gime pal\u00e9olithique\" \/>\n<meta property=\"og:description\" content=\"L&rsquo;huile de coco est un aliment incontournable quand on vit en mode pal\u00e9o. Elle se trouve facilement dans les magasins bio (en France : Biocoop ou Satoriz, par exemple), par contre elle y est souvent tr\u00e8s ch\u00e8re : j&rsquo;y ai d\u00e9j\u00e0 vu de l&rsquo;huile de coco \u00e0 plus de 35 euros le litre ! Je [&hellip;]\" \/>\n<meta property=\"og:url\" content=\"https:\/\/experience-paleo.fr\/blog\/huile-coco-moins-cher\/\" \/>\n<meta property=\"og:site_name\" content=\"Exp\u00e9rience Pal\u00e9o - Adoptez le r\u00e9gime pal\u00e9olithique\" \/>\n<meta property=\"article:publisher\" content=\"https:\/\/facebook.com\/experiencePaleo\" \/>\n<meta property=\"article:modified_time\" content=\"2015-06-24T20:06:01+00:00\" \/>\n<meta property=\"og:image\" content=\"http:\/\/experience-paleo.fr\/blog\/wp-content\/uploads\/2014\/03\/OCO-900.jpg\" \/>\n<meta name=\"twitter:card\" content=\"summary_large_image\" \/>\n<meta name=\"twitter:label1\" content=\"Dur\u00e9e de lecture estim\u00e9e\" \/>\n\t<meta name=\"twitter:data1\" content=\"1 minute\" \/>\n<script type=\"application\/ld+json\" class=\"yoast-schema-graph\">{\"@context\":\"https:\/\/schema.org\",\"@graph\":[{\"@type\":\"WebPage\",\"@id\":\"https:\/\/experience-paleo.fr\/blog\/huile-coco-moins-cher\/\",\"url\":\"https:\/\/experience-paleo.fr\/blog\/huile-coco-moins-cher\/\",\"name\":\"Un bon plan pour acheter de l'huile de coco 30% moins cher - Exp\u00e9rience Pal\u00e9o - Adoptez le r\u00e9gime pal\u00e9olithique\",\"isPartOf\":{\"@id\":\"https:\/\/experience-paleo.fr\/blog\/#website\"},\"datePublished\":\"2014-03-04T20:46:35+00:00\",\"dateModified\":\"2015-06-24T20:06:01+00:00\",\"breadcrumb\":{\"@id\":\"https:\/\/experience-paleo.fr\/blog\/huile-coco-moins-cher\/#breadcrumb\"},\"inLanguage\":\"fr-FR\",\"potentialAction\":[{\"@type\":\"ReadAction\",\"target\":[\"https:\/\/experience-paleo.fr\/blog\/huile-coco-moins-cher\/\"]}]},{\"@type\":\"BreadcrumbList\",\"@id\":\"https:\/\/experience-paleo.fr\/blog\/huile-coco-moins-cher\/#breadcrumb\",\"itemListElement\":[{\"@type\":\"ListItem\",\"position\":1,\"name\":\"Un bon plan pour acheter de l&rsquo;huile de coco 30% moins cher\"}]},{\"@type\":\"WebSite\",\"@id\":\"https:\/\/experience-paleo.fr\/blog\/#website\",\"url\":\"https:\/\/experience-paleo.fr\/blog\/\",\"name\":\"Exp\u00e9rience Pal\u00e9o - Adoptez le r\u00e9gime pal\u00e9olithique\",\"description\":\"Le r\u00e9gime pal\u00e9o, tout simplement\",\"potentialAction\":[{\"@type\":\"SearchAction\",\"target\":{\"@type\":\"EntryPoint\",\"urlTemplate\":\"https:\/\/experience-paleo.fr\/blog\/?s={search_term_string}\"},\"query-input\":\"required name=search_term_string\"}],\"inLanguage\":\"fr-FR\"}]}<\/script>\n<!-- \/ Yoast SEO plugin. -->","yoast_head_json":{"title":"Un bon plan pour acheter de l'huile de coco 30% moins cher - Exp\u00e9rience Pal\u00e9o - Adoptez le r\u00e9gime pal\u00e9olithique","robots":{"index":"index","follow":"follow","max-snippet":"max-snippet:-1","max-image-preview":"max-image-preview:large","max-video-preview":"max-video-preview:-1"},"canonical":"https:\/\/experience-paleo.fr\/blog\/huile-coco-moins-cher\/","og_locale":"fr_FR","og_type":"article","og_title":"Un bon plan pour acheter de l'huile de coco 30% moins cher - Exp\u00e9rience Pal\u00e9o - Adoptez le r\u00e9gime pal\u00e9olithique","og_description":"L&rsquo;huile de coco est un aliment incontournable quand on vit en mode pal\u00e9o. Elle se trouve facilement dans les magasins bio (en France : Biocoop ou Satoriz, par exemple), par contre elle y est souvent tr\u00e8s ch\u00e8re : j&rsquo;y ai d\u00e9j\u00e0 vu de l&rsquo;huile de coco \u00e0 plus de 35 euros le litre ! Je [&hellip;]","og_url":"https:\/\/experience-paleo.fr\/blog\/huile-coco-moins-cher\/","og_site_name":"Exp\u00e9rience Pal\u00e9o - Adoptez le r\u00e9gime pal\u00e9olithique","article_publisher":"https:\/\/facebook.com\/experiencePaleo","article_modified_time":"2015-06-24T20:06:01+00:00","og_image":[{"url":"http:\/\/experience-paleo.fr\/blog\/wp-content\/uploads\/2014\/03\/OCO-900.jpg"}],"twitter_card":"summary_large_image","twitter_misc":{"Dur\u00e9e de lecture estim\u00e9e":"1 minute"},"schema":{"@context":"https:\/\/schema.org","@graph":[{"@type":"WebPage","@id":"https:\/\/experience-paleo.fr\/blog\/huile-coco-moins-cher\/","url":"https:\/\/experience-paleo.fr\/blog\/huile-coco-moins-cher\/","name":"Un bon plan pour acheter de l'huile de coco 30% moins cher - Exp\u00e9rience Pal\u00e9o - Adoptez le r\u00e9gime pal\u00e9olithique","isPartOf":{"@id":"https:\/\/experience-paleo.fr\/blog\/#website"},"datePublished":"2014-03-04T20:46:35+00:00","dateModified":"2015-06-24T20:06:01+00:00","breadcrumb":{"@id":"https:\/\/experience-paleo.fr\/blog\/huile-coco-moins-cher\/#breadcrumb"},"inLanguage":"fr-FR","potentialAction":[{"@type":"ReadAction","target":["https:\/\/experience-paleo.fr\/blog\/huile-coco-moins-cher\/"]}]},{"@type":"BreadcrumbList","@id":"https:\/\/experience-paleo.fr\/blog\/huile-coco-moins-cher\/#breadcrumb","itemListElement":[{"@type":"ListItem","position":1,"name":"Un bon plan pour acheter de l&rsquo;huile de coco 30% moins cher"}]},{"@type":"WebSite","@id":"https:\/\/experience-paleo.fr\/blog\/#website","url":"https:\/\/experience-paleo.fr\/blog\/","name":"Exp\u00e9rience Pal\u00e9o - Adoptez le r\u00e9gime pal\u00e9olithique","description":"Le r\u00e9gime pal\u00e9o, tout simplement","potentialAction":[{"@type":"SearchAction","target":{"@type":"EntryPoint","urlTemplate":"https:\/\/experience-paleo.fr\/blog\/?s={search_term_string}"},"query-input":"required name=search_term_string"}],"inLanguage":"fr-FR"}]}},"_links":{"self":[{"href":"https:\/\/experience-paleo.fr\/blog\/wp-json\/wp\/v2\/pages\/2132","targetHints":{"allow":["GET"]}}],"collection":[{"href":"https:\/\/experience-paleo.fr\/blog\/wp-json\/wp\/v2\/pages"}],"about":[{"href":"https:\/\/experience-paleo.fr\/blog\/wp-json\/wp\/v2\/types\/page"}],"author":[{"embeddable":true,"href":"https:\/\/experience-paleo.fr\/blog\/wp-json\/wp\/v2\/users\/1"}],"replies":[{"embeddable":true,"href":"https:\/\/experience-paleo.fr\/blog\/wp-json\/wp\/v2\/comments?post=2132"}],"version-history":[{"count":10,"href":"https:\/\/experience-paleo.fr\/blog\/wp-json\/wp\/v2\/pages\/2132\/revisions"}],"predecessor-version":[{"id":3102,"href":"https:\/\/experience-paleo.fr\/blog\/wp-json\/wp\/v2\/pages\/2132\/revisions\/3102"}],"wp:attachment":[{"href":"https:\/\/experience-paleo.fr\/blog\/wp-json\/wp\/v2\/media?parent=2132"}],"curies":[{"name":"wp","href":"https:\/\/api.w.org\/{rel}","templated":true}]}}